{"id":21,"date":"2024-01-24T18:52:43","date_gmt":"2024-01-24T18:52:43","guid":{"rendered":"https:\/\/gladysfleurs.be\/a-propos\/"},"modified":"2024-02-11T21:30:40","modified_gmt":"2024-02-11T21:30:40","slug":"about-us","status":"publish","type":"page","link":"https:\/\/gladysfleurs.be\/en\/about-us\/","title":{"rendered":"About us"},"content":{"rendered":"<div class=\"wp-block-uagb-advanced-heading uagb-block-95c9544a\"><h1 class=\"uagb-heading-text\">About us<\/h1><\/div>\n\n\n\n<div class=\"wp-block-group alignfull has-foreground-background-color has-background has-global-padding is-layout-constrained wp-container-core-group-is-layout-fb85e995 wp-block-group-is-layout-constrained\" style=\"margin-top:0;margin-bottom:0;padding-top:var(--wp--preset--spacing--60);padding-right:var(--wp--preset--spacing--30);padding-bottom:var(--wp--preset--spacing--60);padding-left:var(--wp--preset--spacing--30)\">\n<h3 class=\"wp-block-heading has-text-align-center\">Our history and our passion for flowers<\/h3>\n\n\n\n<p class=\"has-small-font-size\">Nous croyons que les fleurs peuvent rendre tout meilleur: d&rsquo;une journ\u00e9e de travail normale, d&rsquo;un coin confortable \u00e0 la maison, d&rsquo;une r\u00e9union de famille ou des amis, ou de toute date sp\u00e9ciale, \u00e0 un \u00e9v\u00e8nement unique et irrempla\u00e7able, comme un mariage ! <\/p>\n\n\n\n<p style=\"font-size:clamp(0.875rem, 0.875rem + ((1vw - 0.2rem) * 0.208), 1rem);\">Nous sommes une petite \u00e9quipe des fleuristes professionnelles aimants des fleurs fra\u00eeches, cr\u00e9ant \u00e0 la main des fleurs exquises d\u2019une qualit\u00e9 exceptionnelle pour toutes les occasions. Nous travaillons toujours avec des fleurs fra\u00eeches et chaque arrangement est cr\u00e9e \u00e0 la main avec amour et \u00e9l\u00e9gamment emball\u00e9. Gladys fleurs est situ\u00e9 dans le quartier de Chant d&rsquo;Oiseau de Woluwe Saint Pierre.<\/p>\n\n\n\n<p style=\"font-size:clamp(0.875rem, 0.875rem + ((1vw - 0.2rem) * 0.208), 1rem);\">Visitez notre boutique de l\u2019Avenue de l\u2019Atlantique 115 \u00e0 Woluwe Saint Pierre, Bruxelles pour un bouquet \u00e9l\u00e9gant ou commandez en ligne ou par t\u00e9l\u00e9phone \u00e0 tout moment. Nous pouvons vous proposer une livraison en main propre dans un d\u00e9lai de 24h du mardi au dimanche \u00e0 Bruxelles.<\/p>\n\n\n\n<div class=\"wp-block-uagb-image aligncenter uagb-block-21499bfb wp-block-uagb-image--layout-default wp-block-uagb-image--effect-static wp-block-uagb-image--align-center\"><figure class=\"wp-block-uagb-image__figure\"><img loading=\"lazy\" decoding=\"async\" srcset=\"https:\/\/gladysfleurs.be\/wp-content\/uploads\/2024\/04\/Gladys-outside-1024x768.jpg ,https:\/\/gladysfleurs.be\/wp-content\/uploads\/2024\/04\/Gladys-outside.jpg 780w, https:\/\/gladysfleurs.be\/wp-content\/uploads\/2024\/04\/Gladys-outside.jpg 360w\" sizes=\"auto, (max-width: 480px) 150px\" src=\"https:\/\/gladysfleurs.be\/wp-content\/uploads\/2024\/04\/Gladys-outside-1024x768.jpg\" alt=\"\" class=\"uag-image-862\" width=\"512\" height=\"384\" title=\"Gladys-outside\" role=\"img\"\/><\/figure><\/div>\n\n\n\n<p style=\"font-size:clamp(0.875rem, 0.875rem + ((1vw - 0.2rem) * 0.208), 1rem);\">Offering happiness in each of our creations is our passion and being efficient and reliable is our goal. <\/p>\n\n\n\n<p style=\"font-size:clamp(0.875rem, 0.875rem + ((1vw - 0.2rem) * 0.208), 1rem);\">En plus de beaux cadeaux, notre \u00e9quipe se sp\u00e9cialise dans la fleuristerie des \u00e9v\u00e8nements cr\u00e9ant de superbes designs pour les mariages, les fun\u00e9railles et les \u00e9v\u00e8nements d&rsquo;entreprise.<\/p>\n\n\n\n<div class=\"wp-block-uagb-image aligncenter uagb-block-b38e7bdb wp-block-uagb-image--layout-default wp-block-uagb-image--effect-static wp-block-uagb-image--align-center\"><figure class=\"wp-block-uagb-image__figure\"><img loading=\"lazy\" decoding=\"async\" srcset=\"https:\/\/gladysfleurs.be\/wp-content\/uploads\/2024\/04\/presentation-table-1-1024x768.jpg ,https:\/\/gladysfleurs.be\/wp-content\/uploads\/2024\/04\/presentation-table-1.jpg 780w, https:\/\/gladysfleurs.be\/wp-content\/uploads\/2024\/04\/presentation-table-1.jpg 360w\" sizes=\"auto, (max-width: 480px) 150px\" src=\"https:\/\/gladysfleurs.be\/wp-content\/uploads\/2024\/04\/presentation-table-1-1024x768.jpg\" alt=\"Int\u00e9rieur de la boutique Gladys Fleurs \u00e0 Bruxelles\" class=\"uag-image-867\" width=\"512\" height=\"384\" title=\"Fleuriste Gladys Bruxelles\" role=\"img\"\/><\/figure><\/div>\n\n\n\n<div class=\"wp-block-uagb-image aligncenter uagb-block-dadb602e wp-block-uagb-image--layout-default wp-block-uagb-image--effect-static wp-block-uagb-image--align-center\"><figure class=\"wp-block-uagb-image__figure\"><img loading=\"lazy\" decoding=\"async\" srcset=\"https:\/\/gladysfleurs.be\/wp-content\/uploads\/2024\/04\/presentation-table-3.jpg ,https:\/\/gladysfleurs.be\/wp-content\/uploads\/2024\/04\/presentation-table-3.jpg 780w, https:\/\/gladysfleurs.be\/wp-content\/uploads\/2024\/04\/presentation-table-3.jpg 360w\" sizes=\"auto, (max-width: 480px) 150px\" src=\"https:\/\/gladysfleurs.be\/wp-content\/uploads\/2024\/04\/presentation-table-3.jpg\" alt=\"Int\u00e9rieur de la boutique Gladys Fleurs \u00e0 Bruxelles\" class=\"uag-image-866\" width=\"498\" height=\"384\" title=\"Fleuriste Gladys Bruxelles\" role=\"img\"\/><\/figure><\/div>\n<\/div>\n\n\n\n<div class=\"wp-block-uagb-image uagb-block-c5036523 wp-block-uagb-image--layout-default wp-block-uagb-image--effect-static wp-block-uagb-image--align-none\"><figure class=\"wp-block-uagb-image__figure\"><img loading=\"lazy\" decoding=\"async\" srcset=\"https:\/\/gladysfleurs.be\/wp-content\/uploads\/2026\/01\/WhatsApp-Image-2026-01-12-at-23.45.13-768x1024.jpeg ,https:\/\/gladysfleurs.be\/wp-content\/uploads\/2026\/01\/WhatsApp-Image-2026-01-12-at-23.45.13.jpeg 780w, https:\/\/gladysfleurs.be\/wp-content\/uploads\/2026\/01\/WhatsApp-Image-2026-01-12-at-23.45.13.jpeg 360w\" sizes=\"auto, (max-width: 480px) 150px\" src=\"https:\/\/gladysfleurs.be\/wp-content\/uploads\/2026\/01\/WhatsApp-Image-2026-01-12-at-23.45.13-768x1024.jpeg\" alt=\"Bouquet de fleurs color\u00e9 avec tournesol et dahlias devant la boutique Gladys Fleurs \u00e0 Bruxelles.\" class=\"uag-image-1438\" width=\"768\" height=\"1024\" title=\"bouquet-fleurs-tournesol-bruxelles\" role=\"img\"\/><\/figure><\/div>","protected":false},"excerpt":{"rendered":"<p>\u00c0 propos Notre histoire et notre passion pour les fleurs Nous croyons que les fleurs peuvent rendre tout meilleur: d&rsquo;une journ\u00e9e de travail normale, d&rsquo;un coin confortable \u00e0 la maison, d&rsquo;une r\u00e9union de famille ou des amis, ou de toute date sp\u00e9ciale, \u00e0 un \u00e9v\u00e8nement unique et irrempla\u00e7able, comme un mariage ! Nous sommes une [&hellip;]<\/p>\n","protected":false},"author":1,"featured_media":0,"parent":0,"menu_order":1,"comment_status":"closed","ping_status":"closed","template":"","meta":{"_uag_custom_page_level_css":"","_monsterinsights_skip_tracking":false,"_monsterinsights_sitenote_active":false,"_monsterinsights_sitenote_note":"","_monsterinsights_sitenote_category":0,"footnotes":""},"class_list":["post-21","page","type-page","status-publish","hentry"],"aioseo_notices":[],"uagb_featured_image_src":{"full":false,"thumbnail":false,"medium":false,"medium_large":false,"large":false,"1536x1536":false,"2048x2048":false,"trp-custom-language-flag":false,"woocommerce_thumbnail":false,"woocommerce_single":false,"woocommerce_gallery_thumbnail":false},"uagb_author_info":{"display_name":"admin-gladysfleurs","author_link":"https:\/\/gladysfleurs.be\/en\/author\/admin-gladysfleurs\/"},"uagb_comment_info":0,"uagb_excerpt":"\u00c0 propos Notre histoire et notre passion pour les fleurs Nous croyons que les fleurs peuvent rendre tout meilleur: d&rsquo;une journ\u00e9e de travail normale, d&rsquo;un coin confortable \u00e0 la maison, d&rsquo;une r\u00e9union de famille ou des amis, ou de toute date sp\u00e9ciale, \u00e0 un \u00e9v\u00e8nement unique et irrempla\u00e7able, comme un mariage ! Nous sommes une&hellip;","_links":{"self":[{"href":"https:\/\/gladysfleurs.be\/en\/wp-json\/wp\/v2\/pages\/21","targetHints":{"allow":["GET"]}}],"collection":[{"href":"https:\/\/gladysfleurs.be\/en\/wp-json\/wp\/v2\/pages"}],"about":[{"href":"https:\/\/gladysfleurs.be\/en\/wp-json\/wp\/v2\/types\/page"}],"author":[{"embeddable":true,"href":"https:\/\/gladysfleurs.be\/en\/wp-json\/wp\/v2\/users\/1"}],"replies":[{"embeddable":true,"href":"https:\/\/gladysfleurs.be\/en\/wp-json\/wp\/v2\/comments?post=21"}],"version-history":[{"count":24,"href":"https:\/\/gladysfleurs.be\/en\/wp-json\/wp\/v2\/pages\/21\/revisions"}],"predecessor-version":[{"id":856,"href":"https:\/\/gladysfleurs.be\/en\/wp-json\/wp\/v2\/pages\/21\/revisions\/856"}],"wp:attachment":[{"href":"https:\/\/gladysfleurs.be\/en\/wp-json\/wp\/v2\/media?parent=21"}],"curies":[{"name":"wp","href":"https:\/\/api.w.org\/{rel}","templated":true}]}}

<div class="wp-block-uagb-advanced-heading uagb-block-95c9544a"><h1 class="uagb-heading-text">About us</h1></div>



<div class="wp-block-group alignfull has-foreground-background-color has-background has-global-padding is-layout-constrained wp-container-core-group-is-layout-fb85e995 wp-block-group-is-layout-constrained" style="margin-top:0;margin-bottom:0;padding-top:var(--wp--preset--spacing--60);padding-right:var(--wp--preset--spacing--30);padding-bottom:var(--wp--preset--spacing--60);padding-left:var(--wp--preset--spacing--30)">
<h3 class="wp-block-heading has-text-align-center">Our history and our passion for flowers</h3>



<p class="has-small-font-size">Nous croyons que les fleurs peuvent rendre tout meilleur: d&rsquo;une journée de travail normale, d&rsquo;un coin confortable à la maison, d&rsquo;une réunion de famille ou des amis, ou de toute date spéciale, à un évènement unique et irremplaçable, comme un mariage ! </p>



<p style="font-size:clamp(0.875rem, 0.875rem + ((1vw - 0.2rem) * 0.208), 1rem);">Nous sommes une petite équipe des fleuristes professionnelles aimants des fleurs fraîches, créant à la main des fleurs exquises d’une qualité exceptionnelle pour toutes les occasions. Nous travaillons toujours avec des fleurs fraîches et chaque arrangement est crée à la main avec amour et élégamment emballé. Gladys fleurs est situé dans le quartier de Chant d&rsquo;Oiseau de Woluwe Saint Pierre.</p>



<p style="font-size:clamp(0.875rem, 0.875rem + ((1vw - 0.2rem) * 0.208), 1rem);">Visitez notre boutique de l’Avenue de l’Atlantique 115 à Woluwe Saint Pierre, Bruxelles pour un bouquet élégant ou commandez en ligne ou par téléphone à tout moment. Nous pouvons vous proposer une livraison en main propre dans un délai de 24h du mardi au dimanche à Bruxelles.</p>



<div class="wp-block-uagb-image aligncenter uagb-block-21499bfb wp-block-uagb-image--layout-default wp-block-uagb-image--effect-static wp-block-uagb-image--align-center"><figure class="wp-block-uagb-image__figure"><img loading="lazy" decoding="async" srcset="https://gladysfleurs.be/wp-content/uploads/2024/04/Gladys-outside-1024x768.jpg ,https://gladysfleurs.be/wp-content/uploads/2024/04/Gladys-outside.jpg 780w, https://gladysfleurs.be/wp-content/uploads/2024/04/Gladys-outside.jpg 360w" sizes="auto, (max-width: 480px) 150px" src="https://gladysfleurs.be/wp-content/uploads/2024/04/Gladys-outside-1024x768.jpg" alt="" class="uag-image-862" width="512" height="384" title="Gladys-outside" role="img"/></figure></div>



<p style="font-size:clamp(0.875rem, 0.875rem + ((1vw - 0.2rem) * 0.208), 1rem);">Offering happiness in each of our creations is our passion and being efficient and reliable is our goal. </p>



<p style="font-size:clamp(0.875rem, 0.875rem + ((1vw - 0.2rem) * 0.208), 1rem);">En plus de beaux cadeaux, notre équipe se spécialise dans la fleuristerie des évènements créant de superbes designs pour les mariages, les funérailles et les évènements d&rsquo;entreprise.</p>



<div class="wp-block-uagb-image aligncenter uagb-block-b38e7bdb wp-block-uagb-image--layout-default wp-block-uagb-image--effect-static wp-block-uagb-image--align-center"><figure class="wp-block-uagb-image__figure"><img loading="lazy" decoding="async" srcset="https://gladysfleurs.be/wp-content/uploads/2024/04/presentation-table-1-1024x768.jpg ,https://gladysfleurs.be/wp-content/uploads/2024/04/presentation-table-1.jpg 780w, https://gladysfleurs.be/wp-content/uploads/2024/04/presentation-table-1.jpg 360w" sizes="auto, (max-width: 480px) 150px" src="https://gladysfleurs.be/wp-content/uploads/2024/04/presentation-table-1-1024x768.jpg" alt="Intérieur de la boutique Gladys Fleurs à Bruxelles" class="uag-image-867" width="512" height="384" title="Fleuriste Gladys Bruxelles" role="img"/></figure></div>



<div class="wp-block-uagb-image aligncenter uagb-block-dadb602e wp-block-uagb-image--layout-default wp-block-uagb-image--effect-static wp-block-uagb-image--align-center"><figure class="wp-block-uagb-image__figure"><img loading="lazy" decoding="async" srcset="https://gladysfleurs.be/wp-content/uploads/2024/04/presentation-table-3.jpg ,https://gladysfleurs.be/wp-content/uploads/2024/04/presentation-table-3.jpg 780w, https://gladysfleurs.be/wp-content/uploads/2024/04/presentation-table-3.jpg 360w" sizes="auto, (max-width: 480px) 150px" src="https://gladysfleurs.be/wp-content/uploads/2024/04/presentation-table-3.jpg" alt="Intérieur de la boutique Gladys Fleurs à Bruxelles" class="uag-image-866" width="498" height="384" title="Fleuriste Gladys Bruxelles" role="img"/></figure></div>
</div>



<div class="wp-block-uagb-image uagb-block-c5036523 wp-block-uagb-image--layout-default wp-block-uagb-image--effect-static wp-block-uagb-image--align-none"><figure class="wp-block-uagb-image__figure"><img loading="lazy" decoding="async" srcset="https://gladysfleurs.be/wp-content/uploads/2026/01/WhatsApp-Image-2026-01-12-at-23.45.13-768x1024.jpeg ,https://gladysfleurs.be/wp-content/uploads/2026/01/WhatsApp-Image-2026-01-12-at-23.45.13.jpeg 780w, https://gladysfleurs.be/wp-content/uploads/2026/01/WhatsApp-Image-2026-01-12-at-23.45.13.jpeg 360w" sizes="auto, (max-width: 480px) 150px" src="https://gladysfleurs.be/wp-content/uploads/2026/01/WhatsApp-Image-2026-01-12-at-23.45.13-768x1024.jpeg" alt="Bouquet de fleurs coloré avec tournesol et dahlias devant la boutique Gladys Fleurs à Bruxelles." class="uag-image-1438" width="768" height="1024" title="bouquet-fleurs-tournesol-bruxelles" role="img"/></figure></div>

<p>À propos Notre histoire et notre passion pour les fleurs Nous croyons que les fleurs peuvent rendre tout meilleur: d&rsquo;une journée de travail normale, d&rsquo;un coin confortable à la maison, d&rsquo;une réunion de famille ou des amis, ou de toute date spéciale, à un évènement unique et irremplaçable, comme un mariage ! Nous sommes une [&hellip;]</p>

À propos Notre histoire et notre passion pour les fleurs Nous croyons que les fleurs peuvent rendre tout meilleur: d&rsquo;une journée de travail normale, d&rsquo;un coin confortable à la maison, d&rsquo;une réunion de famille ou des amis, ou de toute date spéciale, à un évènement unique et irremplaçable, comme un mariage ! Nous sommes une&hellip;
