{"id":1085,"date":"2025-01-27T16:35:52","date_gmt":"2025-01-27T16:35:52","guid":{"rendered":"https:\/\/gladysfleurs.be\/?post_type=product&#038;p=1085"},"modified":"2026-04-10T15:57:59","modified_gmt":"2026-04-10T15:57:59","slug":"bouquet-friendship","status":"publish","type":"product","link":"https:\/\/gladysfleurs.be\/en\/product\/bouquet-friendship\/","title":{"rendered":"\u00c9clat Solaire"},"content":{"rendered":"<p><strong>Les photos ne sont pas contractuelles.<\/strong><\/p>\n<p><strong>Chaque bouquet est une cr\u00e9ation unique. Selon les saisons, les vari\u00e9t\u00e9s peuvent varier, mais l&rsquo;esprit et l&rsquo;harmonie des couleurs seront toujours respect\u00e9s.<\/strong><\/p>","protected":false},"excerpt":{"rendered":"<p>Les photos ne sont pas contractuelles. Chaque bouquet est une cr\u00e9ation unique. Selon les saisons, les vari\u00e9t\u00e9s peuvent varier, mais l&rsquo;esprit et l&rsquo;harmonie des couleurs seront toujours respect\u00e9s.<\/p>","protected":false},"featured_media":1601,"template":"","meta":{"_uag_custom_page_level_css":"","_monsterinsights_skip_tracking":false,"_monsterinsights_sitenote_active":false,"_monsterinsights_sitenote_note":"","_monsterinsights_sitenote_category":0},"product_brand":[],"product_cat":[23],"product_tag":[],"class_list":{"0":"post-1085","1":"product","2":"type-product","3":"status-publish","4":"has-post-thumbnail","6":"product_cat-bouquets","8":"first","9":"instock","10":"taxable","11":"shipping-taxable","12":"purchasable","13":"product-type-simple"},"aioseo_notices":[],"uagb_featured_image_src":{"full":["https:\/\/gladysfleurs.be\/wp-content\/uploads\/2025\/01\/Eclat-Solaire.jpg",960,1280,false],"thumbnail":["https:\/\/gladysfleurs.be\/wp-content\/uploads\/2025\/01\/Eclat-Solaire-150x150.jpg",150,150,true],"medium":["https:\/\/gladysfleurs.be\/wp-content\/uploads\/2025\/01\/Eclat-Solaire-225x300.jpg",225,300,true],"medium_large":["https:\/\/gladysfleurs.be\/wp-content\/uploads\/2025\/01\/Eclat-Solaire-768x1024.jpg",768,1024,true],"large":["https:\/\/gladysfleurs.be\/wp-content\/uploads\/2025\/01\/Eclat-Solaire-768x1024.jpg",768,1024,true],"1536x1536":["https:\/\/gladysfleurs.be\/wp-content\/uploads\/2025\/01\/Eclat-Solaire.jpg",960,1280,false],"2048x2048":["https:\/\/gladysfleurs.be\/wp-content\/uploads\/2025\/01\/Eclat-Solaire.jpg",960,1280,false],"trp-custom-language-flag":["https:\/\/gladysfleurs.be\/wp-content\/uploads\/2025\/01\/Eclat-Solaire.jpg",9,12,false],"woocommerce_thumbnail":["https:\/\/gladysfleurs.be\/wp-content\/uploads\/2025\/01\/Eclat-Solaire-300x300.jpg",300,300,true],"woocommerce_single":["https:\/\/gladysfleurs.be\/wp-content\/uploads\/2025\/01\/Eclat-Solaire-600x800.jpg",600,800,true],"woocommerce_gallery_thumbnail":["https:\/\/gladysfleurs.be\/wp-content\/uploads\/2025\/01\/Eclat-Solaire-100x100.jpg",100,100,true]},"uagb_author_info":{"display_name":"admin-gladysfleurs","author_link":"https:\/\/gladysfleurs.be\/en\/author\/"},"uagb_comment_info":0,"uagb_excerpt":"Les photos ne sont pas contractuelles. Chaque bouquet est une cr\u00e9ation unique. Selon les saisons, les vari\u00e9t\u00e9s peuvent varier, mais l&rsquo;esprit et l&rsquo;harmonie des couleurs seront toujours respect\u00e9s.","_links":{"self":[{"href":"https:\/\/gladysfleurs.be\/en\/wp-json\/wp\/v2\/product\/1085","targetHints":{"allow":["GET"]}}],"collection":[{"href":"https:\/\/gladysfleurs.be\/en\/wp-json\/wp\/v2\/product"}],"about":[{"href":"https:\/\/gladysfleurs.be\/en\/wp-json\/wp\/v2\/types\/product"}],"version-history":[{"count":5,"href":"https:\/\/gladysfleurs.be\/en\/wp-json\/wp\/v2\/product\/1085\/revisions"}],"predecessor-version":[{"id":1603,"href":"https:\/\/gladysfleurs.be\/en\/wp-json\/wp\/v2\/product\/1085\/revisions\/1603"}],"wp:featuredmedia":[{"embeddable":true,"href":"https:\/\/gladysfleurs.be\/en\/wp-json\/wp\/v2\/media\/1601"}],"wp:attachment":[{"href":"https:\/\/gladysfleurs.be\/en\/wp-json\/wp\/v2\/media?parent=1085"}],"wp:term":[{"taxonomy":"product_brand","embeddable":true,"href":"https:\/\/gladysfleurs.be\/en\/wp-json\/wp\/v2\/product_brand?post=1085"},{"taxonomy":"product_cat","embeddable":true,"href":"https:\/\/gladysfleurs.be\/en\/wp-json\/wp\/v2\/product_cat?post=1085"},{"taxonomy":"product_tag","embeddable":true,"href":"https:\/\/gladysfleurs.be\/en\/wp-json\/wp\/v2\/product_tag?post=1085"}],"curies":[{"name":"wp","href":"https:\/\/api.w.org\/{rel}","templated":true}]}}

Éclat Solaire

<p><strong>Les photos ne sont pas contractuelles.</strong></p>
<p><strong>Chaque bouquet est une création unique. Selon les saisons, les variétés peuvent varier, mais l&rsquo;esprit et l&rsquo;harmonie des couleurs seront toujours respectés.</strong></p>

<p>Les photos ne sont pas contractuelles. Chaque bouquet est une création unique. Selon les saisons, les variétés peuvent varier, mais l&rsquo;esprit et l&rsquo;harmonie des couleurs seront toujours respectés.</p>

Les photos ne sont pas contractuelles. Chaque bouquet est une création unique. Selon les saisons, les variétés peuvent varier, mais l&rsquo;esprit et l&rsquo;harmonie des couleurs seront toujours respectés.
