{"id":1097,"date":"2025-01-27T17:02:27","date_gmt":"2025-01-27T17:02:27","guid":{"rendered":"https:\/\/gladysfleurs.be\/?post_type=product&#038;p=1097"},"modified":"2026-04-10T17:19:02","modified_gmt":"2026-04-10T17:19:02","slug":"bouquet-red-classic","status":"publish","type":"product","link":"https:\/\/gladysfleurs.be\/en\/product\/bouquet-red-classic\/","title":{"rendered":"Bouquet Amour"},"content":{"rendered":"<p><strong>Les photos ne sont pas contractuelles.\u00a0<\/strong><\/p>\n<p><strong>Chaque bouquet est une cr\u00e9ation unique. Selon les saisons, les vari\u00e9t\u00e9s peuvent varier, mais l&rsquo;esprit et l&rsquo;harmonie des couleurs seront toujours respect\u00e9s.<\/strong><\/p>","protected":false},"excerpt":{"rendered":"<p>Les photos ne sont pas contractuelles.\u00a0 Chaque bouquet est une cr\u00e9ation unique. Selon les saisons, les vari\u00e9t\u00e9s peuvent varier, mais l&rsquo;esprit et l&rsquo;harmonie des couleurs seront toujours respect\u00e9s.<\/p>","protected":false},"featured_media":1098,"template":"","meta":{"_uag_custom_page_level_css":"","_monsterinsights_skip_tracking":false,"_monsterinsights_sitenote_active":false,"_monsterinsights_sitenote_note":"","_monsterinsights_sitenote_category":0},"product_brand":[],"product_cat":[23,320],"product_tag":[],"class_list":{"0":"post-1097","1":"product","2":"type-product","3":"status-publish","4":"has-post-thumbnail","6":"product_cat-bouquets","7":"product_cat-bouquets-avec-tailles-differentes","9":"first","10":"instock","11":"taxable","12":"shipping-taxable","13":"purchasable","14":"product-type-variable"},"aioseo_notices":[],"uagb_featured_image_src":{"full":["https:\/\/gladysfleurs.be\/wp-content\/uploads\/2025\/01\/IMG-20250127-WA0035.jpg",1600,1200,false],"thumbnail":["https:\/\/gladysfleurs.be\/wp-content\/uploads\/2025\/01\/IMG-20250127-WA0035-150x150.jpg",150,150,true],"medium":["https:\/\/gladysfleurs.be\/wp-content\/uploads\/2025\/01\/IMG-20250127-WA0035-300x225.jpg",300,225,true],"medium_large":["https:\/\/gladysfleurs.be\/wp-content\/uploads\/2025\/01\/IMG-20250127-WA0035-768x576.jpg",768,576,true],"large":["https:\/\/gladysfleurs.be\/wp-content\/uploads\/2025\/01\/IMG-20250127-WA0035-1024x768.jpg",1024,768,true],"1536x1536":["https:\/\/gladysfleurs.be\/wp-content\/uploads\/2025\/01\/IMG-20250127-WA0035-1536x1152.jpg",1536,1152,true],"2048x2048":["https:\/\/gladysfleurs.be\/wp-content\/uploads\/2025\/01\/IMG-20250127-WA0035.jpg",1600,1200,false],"trp-custom-language-flag":["https:\/\/gladysfleurs.be\/wp-content\/uploads\/2025\/01\/IMG-20250127-WA0035.jpg",16,12,false],"woocommerce_thumbnail":["https:\/\/gladysfleurs.be\/wp-content\/uploads\/2025\/01\/IMG-20250127-WA0035-300x300.jpg",300,300,true],"woocommerce_single":["https:\/\/gladysfleurs.be\/wp-content\/uploads\/2025\/01\/IMG-20250127-WA0035-600x450.jpg",600,450,true],"woocommerce_gallery_thumbnail":["https:\/\/gladysfleurs.be\/wp-content\/uploads\/2025\/01\/IMG-20250127-WA0035-100x100.jpg",100,100,true]},"uagb_author_info":{"display_name":"admin-gladysfleurs","author_link":"https:\/\/gladysfleurs.be\/en\/author\/"},"uagb_comment_info":0,"uagb_excerpt":"Les photos ne sont pas contractuelles.\u00a0 Chaque bouquet est une cr\u00e9ation unique. Selon les saisons, les vari\u00e9t\u00e9s peuvent varier, mais l&rsquo;esprit et l&rsquo;harmonie des couleurs seront toujours respect\u00e9s.","_links":{"self":[{"href":"https:\/\/gladysfleurs.be\/en\/wp-json\/wp\/v2\/product\/1097","targetHints":{"allow":["GET"]}}],"collection":[{"href":"https:\/\/gladysfleurs.be\/en\/wp-json\/wp\/v2\/product"}],"about":[{"href":"https:\/\/gladysfleurs.be\/en\/wp-json\/wp\/v2\/types\/product"}],"version-history":[{"count":9,"href":"https:\/\/gladysfleurs.be\/en\/wp-json\/wp\/v2\/product\/1097\/revisions"}],"predecessor-version":[{"id":1565,"href":"https:\/\/gladysfleurs.be\/en\/wp-json\/wp\/v2\/product\/1097\/revisions\/1565"}],"wp:featuredmedia":[{"embeddable":true,"href":"https:\/\/gladysfleurs.be\/en\/wp-json\/wp\/v2\/media\/1098"}],"wp:attachment":[{"href":"https:\/\/gladysfleurs.be\/en\/wp-json\/wp\/v2\/media?parent=1097"}],"wp:term":[{"taxonomy":"product_brand","embeddable":true,"href":"https:\/\/gladysfleurs.be\/en\/wp-json\/wp\/v2\/product_brand?post=1097"},{"taxonomy":"product_cat","embeddable":true,"href":"https:\/\/gladysfleurs.be\/en\/wp-json\/wp\/v2\/product_cat?post=1097"},{"taxonomy":"product_tag","embeddable":true,"href":"https:\/\/gladysfleurs.be\/en\/wp-json\/wp\/v2\/product_tag?post=1097"}],"curies":[{"name":"wp","href":"https:\/\/api.w.org\/{rel}","templated":true}]}}

<p><strong>Les photos ne sont pas contractuelles. </strong></p>
<p><strong>Chaque bouquet est une création unique. Selon les saisons, les variétés peuvent varier, mais l&rsquo;esprit et l&rsquo;harmonie des couleurs seront toujours respectés.</strong></p>

<p>Les photos ne sont pas contractuelles.  Chaque bouquet est une création unique. Selon les saisons, les variétés peuvent varier, mais l&rsquo;esprit et l&rsquo;harmonie des couleurs seront toujours respectés.</p>

Les photos ne sont pas contractuelles.  Chaque bouquet est une création unique. Selon les saisons, les variétés peuvent varier, mais l&rsquo;esprit et l&rsquo;harmonie des couleurs seront toujours respectés.
